) = -5*t + 44. What is g(10)?
-6
Let j(i) = -6*i**2 + 5*i - 3. Calculate j(3).
-42
Let v(b) = -4*b**2 - 17*b - 5. Determine v(-4).
-1
Let q(l) = 15*l - 19. Calculate q(4).
41
Let d(v) = -5*v**3 + 2*v**2 - v - 2. Give d(-1).
6
Let p(i) = 52*i**2 + 6*i + 7. Calculate p(-1).
53
Let j(c) = -c**2 - 19*c + 17. Calculate j(-19).
17
Let i(v) = 2*v - 2. Give i(3).
4
Let y(u) = 2*u**3 - 22*u**2 - 10*u + 1. Calculate y(11).
-109
Let h(m) = -m + 4. Determine h(2).
2
Let d(k) = -k**2 + 2*k + 2. Calculate d(7).
-33
Let k(d) = 5*d - 28. What is k(6)?
2
Let v(g) = 5*g**3 + g**2 + 2*g + 1. What is v(-1)?
-5
Let z(t) = -t**2 + 3*t + 37. Determine z(-4).
9
Let z(c) = -c**2 + 12*c - 33. Calculate z(8).
-1
Let c(g) = 9*g + 8. What is c(7)?
71
Let m(k) = -3*k**3 + 3*k**2 + 7*k + 5. Give m(4).
-111
Let s(x) = 20*x + 43. What is s(-2)?
3
Let u(m) = 2*m - 40. Determine u(0).
-40
Let q(m) = -m**3 + m**2 - 2*m - 17. Give q(0).
-17
Let u(v) = v**2 - 11*v + 2. Give u(12).
14
Let i(y) = 7*y - 16. Calculate i(-4).
-44
Let q(j) = -j**2 + 17*j + 3. Calculate q(16).
19
Let s(l) = l**3 + 3*l**2 - 3*l - 2. What is s(-2)?
8
Let r(t) = 2*t + 49. Give r(-27).
-5
Let p(j) = -15*j - 1. Calculate p(-1).
14
Let l(x) = x**3 - 4*x**2 - 4*x + 12. Calculate l(5).
17
Let h(c) = -4*c**2 - 4*c + 126. What is h(-6)?
6
Let n(h) = h**3 + 10*h**2 + 11*h + 13. Determine n(-9).
-5
Let p(w) = -3*w + 19. Calculate p(6).
1
Let d(i) = -i**3 + 5*i**2 - 2*i - 7. What is d(4)?
1
Let a(g) = -6*g - 17. Calculate a(-8).
31
Let p(t) = -6*t**3 - 49*t**2 - 9*t - 9. What is p(-8)?
-1
Let a(f) = f**2 + 3*f - 2. What is a(-3)?
-2
Let q(m) = -m**2 + 9*m + 17. Determine q(11).
-5
Let z(d) = 6*d + 25. What is z(-3)?
7
Let g(t) = -4*t + 7. Determine g(7).
-21
Let q(d) = d**2 + 23*d - 2. Give q(-14).
-128
Let q(u) = 2*u + 11. What is q(-4)?
3
Let q(k) = k**3 + 6*k**2 - 16*k + 4. What is q(-8)?
4
Let m(s) = 3*s**2 - 2*s - 3. What is m(-2)?
13
Let h(w) = w**3 - 9*w**2 - w + 5. What is h(9)?
-4
Let m(r) = -3*r + 13. Determine m(6).
-5
Let b(n) = 3*n**2 - 24*n + 22. Calculate b(12).
166
Let t(m) = -m**2 + 6*m + 13. Calculate t(9).
-14
Let a(m) = -82*m + 80. Determine a(1).
-2
Let k(f) = 26*f + 528. Calculate k(-20).
8
Let q(f) = -25*f - 97. What is q(-4)?
3
Let u(m) = -m**3 + 7*m**2 + 8*m - 10. Calculate u(8).
-10
Let g(j) = j**3 - 3*j**2 + j - 13. Give g(3).
-10
Let y(r) = r + 6. What is y(0)?
6
Let n(l) = l**2 - 36*l + 94. What is n(33)?
-5
Let l(f) = -40*f. Calculate l(-1).
40
Let g(w) = -w**2 - 6*w + 5. Give g(-7).
-2
Let p(l) = l**3 + 3*l**2 - 5*l + 1. Give p(-5).
-24
Let j(s) = -s**3 - s**2 + 10*s - 14. What is j(2)?
-6
Let r(h) = h**3 - 4*h - 1. Determine r(0).
-1
Let p(i) = -i**2 + 10*i - 20. What is p(9)?
-11
Let l(w) = -7*w - 1. Determine l(-2).
13
Let r(c) = c + 7. Give r(-5).
2
Let f(w) = -25*w**3 - 2*w**2 + 2. What is f(1)?
-25
Let v(g) = 41*g - 249. Calculate v(6).
-3
Let y(n) = 22*n - 3. Determine y(2).
41
Let h(l) = 15*l + 22. Calculate h(-1).
7
Let v(o) = -o - 9. Determine v(-8).
-1
Let b(y) = 2*y**2 + 2*y - 68. Determine b(5).
-8
Let z(g) = g**2 - 198*g + 975. Give z(5).
10
Let s(j) = j**2 - 6*j - 102. Determine s(14).
10
Let u(b) = 3*b - 1. Determine u(-6).
-19
Let j(p) = p**3 - 10*p**2 - 4*p - 13. Calculate j(11).
64
Let w(m) = -m**3 + 19*m**2 + 23*m - 28. What is w(20)?
32
Let f(v) = -3*v**3 + 3*v - 1. Calculate f(2).
-19
Let m(j) = -j**2 + 14*j - 18. Calculate m(11).
15
Let n(d) = -d**3 - 3*d**2 + 2*d + 5. Give n(-3).
-1
Let m(t) = 3*t**2 + t - 16. Give m(3).
14
Let s(z) = z**3 - 10*z**2 + 5*z - 7. Determine s(10).
43
Let g(u) = 2*u**3 - 2*u**2 - 12*u + 27. Calculate g(2).
11
Let c(u) = -u**3 - 10*u**2 + 11*u - 6. What is c(-11)?
-6
Let v(n) = -27*n + 117. Give v(10).
-153
Let w(d) = -4*d - 28. Determine w(-8).
4
Let y(t) = -t**2 - 47*t - 105. Give y(-45).
-15
Let v(w) = 24*w - 168. Determine v(7).
0
Let x(k) = -k**3 - 6*k**2 + 11*k - 3. Determine x(-8).
37
Let k(q) = q**2 + 44*q + 90. Give k(-42).
6
Let g(n) = n**3 - 45*n**2 + 86*n + 8. Calculate g(43).
8
Let b(c) = -26*c + 1. Calculate b(-1).
27
Let z(n) = 2*n**2 + 15*n + 12. What is z(-7)?
5
Let j(z) = -z**3 - 22*z**2 - 19*z + 44. Calculate j(-21).
2
Let d(p) = p**2 + 4*p - 8. Give d(-6).
4
Let a(p) = 16*p - 81. Calculate a(5).
-1
Let g(j) = 18*j - 6. What is g(10)?
174
Let q(j) = -2*j - 17. What is q(7)?
-31
Let o(k) = -8*k + 8. Give o(4).
-24
Let j(g) = 2*g + 58. Determine j(0).
58
Let v(j) = j**3 + 9*j**2 + 11*j - 2. Calculate v(-8).
-26
Let r(o) = -34*o**3 + 3*o - 4. What is r(1)?
-35
Let f(a) = a**3 - 6*a**2 - 4*a + 19. Determine f(6).
-5
Let i(g) = -16*g**2 - 29*g + 2. Calculate i(-2).
-4
Let y(k) = -k**3 + 14*k**2 - 2*k - 1. Give y(14).
-29
Let n(y) = -44*y**2 - 1. Give n(-1).
-45
Let q(f) = -f**3 + 39*f**2 - f + 40. Give q(39).
1
Let b(g) = -2*g + 16. What is b(20)?
-24
Let s(h) = 6*h**2 - 2*h + 1. Calculate s(-2).
29
Let j(a) = -a**2 + 4*a + 6. What is j(6)?
-6
Let b(t) = -10*t + 72. Give b(7).
2
Let y(p) = p**3 - 6*p**2 - 8*p + 4. Calculate y(7).
-3
Let o(y) = y**3 - 11*y**2 + 12*y - 10. Give o(10).
10
Let u(w) = 48*w. What is u(1)?
48
Let m(q) = q**2 + 6*q - 2. Determine m(-7).
5
Let y(w) = w**3 + 5*w**2 - 6*w + 18. Calculate y(-7).
-38
Let u(x) = 5*x - 2. What is u(5)?
23
Let j(o) = 47*o**3 - 2*o**2 + 2*o - 1. What is j(1)?
46
Let c(a) = -a**3 - a + 6. Determine c(0).
6
Let w(p) = -p**3 - 27*p**2 + 56*p - 63. What is w(-29)?
-5
Let k(f) = -f**2 + 5*f - 5. What is k(5)?
-5
Let v(j) = 5*j**2 - 4*j + 5. Calculate v(1).
6
Let z(y) = 5*y - 91. Determine z(19).
4
Let t(m) = m**2 - 11*m - 63. Calculate t(14).
-21
Let u(d) = 3*d - 4. Determine u(4).
8
Let t(g) = -34*g**3 - 2*g**2 + 1. Give t(-1).
33
Let g(v) = -9*v + 107. Give g(11).
8
Let z(k) = 2*k**3 - 5*k**2 + k + 6. Give z(3).
18
Let k(n) = -n**3 - 10*n**2 + 8*n + 9. Calculate k(-10).
-71
Let c(t) = -5*t + 50. What is c(16)?
-30
Let y(c) = 2*c**2 - 10*c. Determine y(5).
0
Let d(s) = 5*s - 21. What is d(7)?
14
Let c(u) = -2*u**2 + 5*u - 6. Give c(3).
-9
Let k(u) = -6*u - 20. Calculate k(-3).
-2
Let q(o) = o**2 + 59*o + 529. Calculate q(-48).
1
Let y(o) = o**2 - 7*o - 38. Determine y(-3).
-8
Let j(a) = 55*a**3 + a**2 - a. Determine j(1).
55
Let b(u) = u**2 - 34*u + 276. Calculate b(21).
3
Let x(l) = l**3 - 34*l**2 + 5*l - 188. Calculate x(34).
-18
Let q(s) = -s**3 + 5*s**2 + 5*s - 5. Calculate q(5).
20
Let q(l) = 3*l**2 - 29*l - 21. Determine q(10).
-11
Let t(n) = n**3 - 4*n**2 - 4*n - 3. Give t(5).
2
Let q(x) = -x**3 + 6*x**2 - 4*x - 5. Determine q(4).
11
Let p(h) = -h**2 + 8*h - 5. Determine p(4).
11
Let y(t) = 5*t - 43. Calculate y(14).
27
Let a(g) = 62*g + 260. Calculate a(-4).
12
Let m(t) = -t**2 - 21*t - 69. Calculate m(-18).
-15
Let h(m) = -m**2 + 14*m - 18. Determine h(15).
-33
Let p(i) = -2*i**3 + 19*i**2 + 9*i + 18. Determine p(10).
8
Let i(b) = -13*b**3 - b**2 + 2*b - 1. Determine i(1).
-13
Let n(g) = -g**2 + 8*g + 1. Give n(8).
1
Let p(y) = -y**2 + 26*y - 50. Determine p(24).
-2
Let u(d) = 34*d + 94. What is u(-3)?
-8
Let j(n) = n**3 - 11*n**2 + 8*n + 18. Give j(10).
-2
Let b(n) = -5*n + 6. Calculate b(2).
-4
Let t(l) = l**2 + 4*l - 12. Give t(6).
48
Let d(q) = q**3 + 2*q**2 + 4*q + 3. What is d(-4)?
-45
Let k(r) = r. Determine k(-9).
-9
Let h(b) = -b**3 - 19*b**2 - b - 19. Give h(-19).
0
Let s(y) = y**3 - 4*y**2 - 3*y + 3. Give s(4).
-9
Let v(h) = -h**2 + 54*h - 272. Calculate v(48).
16
Let w(u) = -9*u**2 - 14*u - 12. Determine w(-1).
-7
Let t(m) = 3*m - 15. Determine t(7).
6
Let y(v) = -9*v + 130. Give y(13).
13
Let i(d) = -d**2 + 4*d + 3. Calculate i(7).
-18
Let v(u) = 12*u**2 - 2*u + 2. What is v(1)?
12
Let w(o) = -o**3 + 9*o**2 + 11*o + 9. Give w(10).
19
Let c(t) = -t**3 - 12*t**2 + t + 1. Determine c(-12).
-11
Let t(y) = 86*y**2 - 2*y. Give t(-1).
88
Let j(p) = -12*p - 7. Give j(-4).
41
Let x(b) = -11*b - 3. Determine x(-4).
41
Let k(t) = 21*t**2 + 6*t + 2. Determine k(-1).
17
Let d(w) = -39*w**2 + w + 1. Determine d(-1).
-39
Let k(o) = o**2 + 19*o + 52. What is k(-18)?
34
Let c(g) = -g**3 + 15*g**2 + 14*g + 4. What is c(16)?
-28
Let h(u) = 28*u - 291. Calculate h(10).
-11
Let s(o) = -o**3 - 20*o**2 - 36*o + 4. Determine s(-18).
4
Let k(x) = -x**3 - 4*x**2 + x + 4. Give k(-4).
0
Let y(t) = 6*t - 28. What is y(4)?
-4
Let o(c) = c - 10. Give o(7).
-3
Let d(m) = -2*m**2 -